is 1b + a?
26
In base 9, what is 4 - -85?
100
In base 15, what is -2a + 3?
-27
In base 13, what is -3 + 21?
1b
In base 7, what is -34 - 5?
-42
In base 6, what is -31 + -222?
-253
In base 7, what is -4 + -4233?
-4240
In base 3, what is 121 - -122110?
200001
In base 7, what is -2045 + -4?
-2052
In base 5, what is -1 + 344?
343
In base 15, what is -2b7 + -2?
-2b9
In base 2, what is 10 - 1000100?
-1000010
In base 7, what is 6601 - -5?
6606
In base 8, what is -3 + -520?
-523
In base 2, what is -1000011 - 1?
-1000100
In base 7, what is 526 + 1?
530
In base 13, what is -14 - 8?
-1c
In base 10, what is -6 + 47?
41
In base 6, what is 3 + -3113?
-3110
In base 13, what is -12 + 14c?
13a
In base 4, what is 11 + -20220?
-20203
In base 16, what is -f3 + 4?
-ef
In base 16, what is 3 + 16f?
172
In base 10, what is -44 - 49?
-93
In base 16, what is 1f6 - 1?
1f5
In base 9, what is -818 - 5?
-824
In base 6, what is -52 + 111?
15
In base 4, what is -2121 + -1?
-2122
In base 7, what is -233 - -4?
-226
In base 2, what is -110110000 - -110?
-110101010
In base 5, what is -22 - -10?
-12
In base 10, what is -5 + 46?
41
In base 10, what is -22 - 71?
-93
In base 4, what is -131300 + -3?
-131303
In base 11, what is 37 - 56?
-1a
In base 10, what is 113 - 3?
110
In base 3, what is -11 - -121?
110
In base 12, what is 4 - 64?
-60
In base 13, what is 211 + 2?
213
In base 3, what is -1 + -112?
-120
In base 12, what is -44a - -23?
-427
In base 9, what is -18 + -10?
-28
In base 5, what is -42211 - 3?
-42214
In base 14, what is -769 + -7?
-772
In base 13, what is -1c - 702?
-721
In base 3, what is 1110 - 1?
1102
In base 16, what is -1f79 + -4?
-1f7d
In base 2, what is -1011 + -100?
-1111
In base 9, what is -27 + 23?
-4
In base 4, what is -10133 - 12?
-10211
In base 4, what is 1 - 103222?
-103221
In base 3, what is -110 - -10?
-100
In base 10, what is 71 + -3?
68
In base 16, what is 11 + 11?
22
In base 4, what is -33 + -2?
-101
In base 14, what is 8a9 - 1?
8a8
In base 16, what is -60 + 42?
-1e
In base 2, what is -1101010 + 10010010?
101000
In base 4, what is -1 - 1012322?
-1012323
In base 2, what is 110 - 101111101?
-101110111
In base 14, what is -a + -98?
-a4
In base 14, what is 0 + -4?
-4
In base 3, what is 210 + -102?
101
In base 15, what is 338 + d?
346
In base 11, what is 982 - 18?
965
In base 14, what is -2 - -92?
90
In base 3, what is -1221021 + -11?
-1221102
In base 12, what is 138 + -2?
136
In base 15, what is -495 + -4?
-499
In base 15, what is -25 - 1b?
-41
In base 9, what is 4 + -2326?
-2322
In base 3, what is -211 - -2012?
1101
In base 14, what is 102 - 14?
cc
In base 11, what is -5 + -2981?
-2986
In base 7, what is 2 + 224?
226
In base 3, what is 10201 - -12?
10220
In base 7, what is -45 - 2?
-50
In base 10, what is 76 + 14?
90
In base 6, what is -1413 + -2?
-1415
In base 5, what is 2011 - 3?
2003
In base 10, what is -3 + 7?
4
In base 13, what is 0 + 22?
22
In base 13, what is 5 + -210?
-208
In base 6, what is 1 - 30?
-25
In base 3, what is -12 + 1011111?
1011022
In base 11, what is 81 - a?
72
In base 4, what is 2013 - 22?
1331
In base 9, what is 2 - 3?
-1
In base 7, what is -1 - -1234?
1233
In base 14, what is -4 + 204?
200
In base 2, what is -10001110 + -100?
-10010010
In base 2, what is 10001111110 - -101?
10010000011
In base 5, what is -121 - 2440?
-3111
In base 5, what is 0 + 113211?
113211
In base 3, what is -1102022 - -12?
-1102010
In base 15, what is 5 - 1b?
-16
In base 4, what is 1 + -113?
-112
In base 3, what is -20 - 102?
-122
In base 12, what is -1b79 - 3?
-1b80
In base 2, what is 100 + -1100010?
-1011110
In base 4, what is -213311 - 3?
-213320
In base 14, what is 1b7 - 1?
1b6
In base 2, what is 110 - -1010111010?
1011000000
In base 5, what is 2 - -102414?
102421
In base 10, what is 10 + -11?
-1
In base 2, what is 100100011111 + 101?
100100100100
In base 12, what is 9 - 6?
3
In base 10, what is -3 - -25?
22
In base 11, what is -103 - 9?
-111
In base 10, what is 84 + 48?
132
In base 15, what is -2 + 110?
10d
In base 12, what is -8a + 5?
-85
In base 3, what is -221 + -1011?
-2002
In base 4, what is 1 - 100?
-33
In base 13, what is 1 - -95c?
960
In base 15, what is 240 - 11?
22e
In base 2, what is -10001000011 + 10?
-10001000001
In base 12, what is -385 + 2?
-383
In base 12, what is -5 + 35?
30
In base 9, what is -1374 + 4?
-1370
In base 5, what is -1 - -101444?
101443
In base 4, what is -10301 - 33?
-11000
In base 16, what is -206 - 5?
-20b
In base 6, what is -3 - -43431?
43424
In base 14, what is -2 + ca2?
ca0
In base 8, what is 1145 - -2?
1147
In base 3, what is 1120 + 11?
1201
In base 6, what is -4 + 51?
43
In base 12, what is -5 - 7?
-10
In base 7, what is 6234 + -2?
6232
In base 13, what is 320a - -5?
3212
In base 2, what is 10 - 11100?
-11010
In base 3, what is -100 + -22?
-122
In base 10, what is -6 + 50?
44
In base 5, what is 3 - -2214?
2222
In base 12, what is 0 - -283?
283
In base 10, what is -12 + 5?
-7
In base 5, what is -1 + -1001?
-1002
In base 12, what is -42 - -2?
-40
In base 14, what is -260 - -14?
-24a
In base 15, what is -c - -8c?
80
In base 6, what is 211 + 54?
305
In base 2, what is 1 + -100001101?
-100001100
In base 7, what is -111 + -1?
-112
In base 16, what is -9d + 9?
-94
In base 16, what is 2 - -b6?
b8
In base 8, what is 7 + -7?
0
In base 9, what is 5 - 3504?
-3488
In base 7, what is -16 - -314?
265
In base 5, what is -14 + 4?
-10
In base 10, what is -248 + 5?
-243
In base 2, what is 11 - 10100001111?
-10100001100
In base 16, what is -dd + -3?
-e0
In base 4, what is -12313 + -11?
-12330
In base 14, what is 1 + 2a?
2b
In base 11, what is 1485 + 3?
1488
In base 14, what is 310 + 3?
313
In base 16, what is -b3c - 2?
-b3e
In base 7, what is -1 - -3?
2
In base 6, what is -354 + 31?
-323
In base 16, what is -10b - 2b?
-136
In base 13, what is -90 - -40?
-50
In base 8, what is -46 - -640?
572
In base 15, what is c + -18?
-b
In base 3, what is 2110 + -11110?
-2000
In base 11, what is -4 + 238?
234
In base 4, what is 1103 + -3?
1100
In base 13, what is -36 - 55?
-8b
In base 7, what is -465 + 0?
-465
In base 8, what is -13634 - 5?
-13641
In base 15, what is -2 - be?
-c1
In base 14, what is 166 + -31?
135
In base 12, what is a24 - 1?
a23
In base 7, what is -34565 - 5?
-34603
In base 13, what is c - -27a?
289
In base 12, what is -133 - -4?
-12b
In base 10, what is 0 - -877?
877
In base 9, what is 802 - -14?
816
In base 4, what is 23120 + -20?
23100
In base 9, what is 36 - 48?
-12
In base 16, what is 6ce - 4?
6ca
In base 5, what is -224 + -1042?
-1321
In base 11, what is -1 - -a91?
a90
In base 16, what is -4 - 316?
-31a
In base 8, what is 3 + -204?
-201
In base 13, what is 2 + ab?
b0
In base 16, what is -3 + -15?
-18
In base 2, what is 101 - 110010011100?
-110010010111
In base 16, what is 91 + -3?
8e
In base 2, what is -1110 - 110111?
-1000101
In base 13, what is 0 - -5?
5
In base 8, what is -552 - 24?
-576
In base 13, what is 2131 + -3?
212b
In base 12, what is -12b2 + -2?
-12b4
In base 6, what is -11 - -12?
1
In base 15, what is 12c + -1?
12b
In base 11, what is 1a - -20?
3a
In base 16, what is 1d + -7?
16
In base 7, what is -152 + 4?
-145
In base 13, what is -656 + 2?
-654
In base 4, what is -120 + 130?
10
In base 9, what is 8 + -1041?
-1032
In base 12, what is -14 + 4?
-10
In base 9, what is -2 + -1518?
-1521
In base 2, what is 1111 + -110?
1001
In base 10, what is 4 + -19?
-15
In base 8, what is 6 - 17?
-11
In base 3, what is 10 - 2122221?
-2122211
In base 12, what is 5 + 288?
291
In base 4, what is 3202 + 11?
3213
In base 11, what is 24 + 9?
32
In base 10, what is 34 - -253?
287
In base 16, what is -4aa - -4?
-4a6
In base 11, what is 558 + -3?
555
In base 2, what is 10 + -110001100?
-110001010
In base 10, what is 92 + 131?
223
In base 15, what is -2445 - 0?
-2445
In base 9, what is -80 + 0?
-80
In base 15, what is 6 - 21?
-1a
In base 10, what is -13 + -6?
-19
In base 16, what is -b27 + -3?
-b2a
In base 14, what is -4d - 8b?
-da
In base 10, what is -2 - 1538?
-1540
In base 6, what is 5 - 24105?
-24100
In base 5, what is -3 - 211?
-214
In base 11, what is 2 + -32a?
-328
In base 5, what is 141120 + -3?
141112
In base 14, what is -43b - -1?
-43a
In base 5, what is 3023 + 40?
3113
In base 16, what is 6a7 - 1?
6a6
In base 7, what is 204 + -